4
What is the hundred thousands digit of 105107538?
1
What is the ten millions digit of 74799591?
7
What is the thousands digit of 209991019?
1
What is the tens digit of 54301495?
9
What is the ten thousands digit of 298647485?
4
What is the thousands digit of 49986577?
6
What is the ten thousands digit of 475808703?
0
What is the units digit of 146423178?
8
What is the hundred thousands digit of 730469893?
4
What is the ten millions digit of 34189966?
3
What is the thousands digit of 37366613?
6
What is the millions digit of 1436306450?
6
What is the millions digit of 2450626107?
0
What is the millions digit of 118777243?
8
What is the millions digit of 172227968?
2
What is the hundreds digit of 637182218?
2
What is the ten thousands digit of 3543362?
4
What is the units digit of 103635318?
8
What is the thousands digit of 496721313?
1
What is the units digit of 5311430029?
9
What is the hundred thousands digit of 218803354?
8
What is the hundreds digit of 2124072308?
3
What is the tens digit of 5970813?
1
What is the hundred millions digit of 663313484?
6
What is the thousands digit of 110151056?
1
What is the ten thousands digit of 52155660?
5
What is the millions digit of 3290949?
3
What is the ten thousands digit of 34957601?
5
What is the millions digit of 76035544?
6
What is the hundred thousands digit of 156647368?
6
What is the thousands digit of 387066457?
6
What is the units digit of 64371874?
4
What is the thousands digit of 229822934?
2
What is the ten thousands digit of 715551696?
5
What is the thousands digit of 8347370?
7
What is the thousands digit of 466689463?
9
What is the hundred thousands digit of 37430401?
4
What is the hundred millions digit of 2194433616?
1
What is the tens digit of 58032571?
7
What is the thousands digit of 150212473?
2
What is the units digit of 54046130?
0
What is the millions digit of 273616811?
3
What is the ten millions digit of 1611869819?
1
What is the hundreds digit of 993554936?
9
What is the hundred millions digit of 2672082230?
6
What is the hundred thousands digit of 24122060?
1
What is the thousands digit of 353451066?
1
What is the millions digit of 477545209?
7
What is the units digit of 1310733089?
9
What is the ten millions digit of 22339996?
2
What is the ten thousands digit of 56969012?
6
What is the thousands digit of 6639792105?
2
What is the units digit of 131205?
5
What is the thousands digit of 1299965109?
5
What is the hundred thousands digit of 201142499?
1
What is the ten thousands digit of 913537300?
3
What is the thousands digit of 942187405?
7
What is the hundreds digit of 2104643?
6
What is the millions digit of 17284769?
7
What is the ten millions digit of 127385979?
2
What is the hundred thousands digit of 93030977?
0
What is the hundreds digit of 30558066?
0
What is the ten thousands digit of 402350897?
5
What is the ten millions digit of 3036409966?
3
What is the hundred thousands digit of 3648005?
6
What is the ten millions digit of 1046997503?
4
What is the tens digit of 1381425?
2
What is the ten millions digit of 2073759457?
7
What is the thousands digit of 35383092?
3
What is the hundred millions digit of 1071942123?
0
What is the thousands digit of 2280784803?
4
What is the units digit of 274037998?
8
What is the ten millions digit of 313324083?
1
What is the millions digit of 71474764?
1
What is the hundred millions digit of 415100410?
4
What is the ten thousands digit of 178228272?
2
What is the ten millions digit of 31978648?
3
What is the ten millions digit of 3016508644?
1
What is the hundred thousands digit of 24045786?
0
What is the hundreds digit of 1719063974?
9
What is the ten thousands digit of 652468033?
6
What is the thousands digit of 1496340252?
0
What is the ten thousands digit of 249748490?
4
What is the units digit of 21742634?
4
What is the ten thousands digit of 144321663?
2
What is the ten thousands digit of 997094898?
9
What is the tens digit of 995741210?
1
What is the ten thousands digit of 93921912?
2
What is the tens digit of 132657396?
9
What is the ten millions digit of 1840657258?
4
What is the ten thousands digit of 500819454?
1
What is the hundred millions digit of 289121481?
2
What is the tens digit of 132821411?
1
What is the millions digit of 112780863?
2
What is the millions digit of 22121522?
2
What is the millions digit of 48218879?
8
What is the ten millions digit of 165582422?
6
What is the units digit of 225566211?
1
What is the tens digit of 43815704?
0
What is the units digit of 68734172?
2
What is the thousands digit of 5269271033?
1
What is the millions digit of 16074272?
6
What is the ten thousands digit of 625216594?
1
What is the thousands digit of 92767646?
7
What is the thousands digit of 403486634?
6
What is the hundreds digit of 88171564?
5
What is the hundred thousands digit of 57931703?
9
What is the hundred thousands digit of 173960990?
9
What is the thousands digit of 1117587491?
7
What is the thousands digit of 345350395?
0
What is the hundred thousands digit of 276305396?
3
What is the hundreds digit of 9607655?
6
What is the tens digit of 125923799?
9
What is the thousands digit of 2338226580?
6
What is the hundred thousands digit of 34612460?
6
What is the hundred thousands digit of 1099297356?
2
What is the units digit of 1193366098?
8
What is the ten thousands digit of 2090356706?
5
What is the hundreds digit of 16976781?
7
What is the hundred thousands digit of 81807916?
8
What is the units digit of 528893041?
1
What is the millions digit of 3015773693?
5
What is the hundred millions digit of 226085950?
2
What is the ten millions digit of 863155478?
6
What is the hundreds digit of 3401909535?
5
What is the thousands digit of 450743102?
3
What is the millions digit of 100165908?
0
What is the billions digit of 1323986088?
1
What is the millions digit of 64911893?
4
What is the ten thousands digit of 1239460151?
6
What is the hundred thousands digit of 25507670?
5
What is the units digit of 129852569?
9
What is the units digit of 53716668?
8
What is the hundreds digit of 336314274?
2
What is the thousands digit of 8071065?
1
What is the ten millions digit of 435121318?
3
What is the units digit of 1305726391?
1
What is the hundred millions digit of 222302964?
2
What is the tens digit of 429752879?
7
What is the hundred millions digit of 822119142?
8
What is the hundreds digit of 6968954?
9
What is the units digit of 95262202?
2
What is the billions digit of 6688346142?
6
What is the hundred thousands digit of 417568130?
5
What is the hundreds digit of 12473695?
6
What is the hundreds digit of 104643826?
8
What is the tens digit of 1118638058?
5
What is the ten thousands digit of 165073214?
7
What is the ten thousands digit of 69971793?
7
What is the hundreds digit of 273513443?
4
What is the hundred millions digit of 2766184564?
7
What is the hundred millions digit of 2601033280?
6
What is the hundred thousands digit of 313077786?
0
What is the units digit of 410368870?
0
What is the millions digit of 5442023744?
2
What is the hundred thousands digit of 19686020?
6
What is the units digit of 757413773?
3
What is the thousands digit of 175640600?
0
What is the ten thousands digit of 84563555?
6
What is the hundreds digit of 7649747?
7
What is the hundred millions digit of 1669146929?
6
What is the millions digit of 208628080?
8
What is the thousands digit of 1476238860?
8
What is the units digit of 1312134830?
0
What is the units digit of 40771435?
5
What is the hundred thousands digit of 2292053314?
0
What is the tens digit of 2247765609?
0
What is the hundred thousands digit of 2666749174?
7
What is the millions digit of 1309392266?
9
What is the hundred millions digit of 131397687?
1
What is the hundred millions digit of 394889722?
3
What is the ten millions digit of 624084466?
2
What is the tens digit of 313345889?
8
What is the ten millions digit of 2299735854?
9
What is the ten thousands digit of 2516887449?
8
What is the hundred thousands digit of 83917579?
9
What is the hundred millions digit of 3674810978?
6
What is the tens digit of 85699915?
1
What is the tens digit of 135441592?
9
What is the billions digit of 1975569646?
1
What is the millions digit of 290940732?
0
What is the millions